= 0. Let t = h + 2. What is the units digit of t?
4
Suppose -4*k - 17 = x, 4*x = 2*x + 4*k + 26. Suppose -f - 16 = -2*n, 4*f - 32 = -4*n + x*f. What is the units digit of n?
8
Let r(y) = y - 2. Let h be r(6). Let o(i) = i**3 + i**2 - i - 7. Let s be o(0). What is the units digit of 1/h - s/4?
2
Let r be (-104)/(-1 - 3) + -1. Suppose 5*u + r = 145. What is the tens digit of u?
2
Let u be -15*3/9*-1. Suppose 109 = 3*v - 2*l, v + 4*v - 190 = u*l. Suppose 4*r = -1 + v. What is the units digit of r?
8
Suppose x = 4*n + 62, 3*x - 100 = x + 2*n. What is the tens digit of x?
4
Let u(f) = -f**2 - 11*f + 21. What is the units digit of u(-8)?
5
Suppose 4 = d - 0*d. Suppose 5 + 3 = 5*k + d*h, -h - 3 = 0. Suppose -q + 35 = k*q. What is the units digit of q?
7
Let c(v) = -v**2 - 12*v - 11. Let m be c(-11). Suppose m = -2*n + 3*g + 31, -5*n + g = -2*g - 64. What is the units digit of n?
1
Suppose i = -2*k + 47 + 52, 0 = -5*i - k + 459. Let j = i - 45. What is the tens digit of j?
4
Let w(g) be the second derivative of -g**5/20 - 7*g**4/12 - g**3 + g**2 + g. Let k be (-6)/(-9) - (-20)/(-3). What is the units digit of w(k)?
2
Suppose 328 = 3*t - 560. What is the tens digit of t?
9
Let t be 8/(-28) + (-65)/(-7). Let j = 37 - t. Suppose -3*r - 20 = -2*o, j = 3*o - 2*r - 2*r. What is the units digit of o?
4
Let v(k) = 16*k**3 - 3. What is the tens digit of v(2)?
2
Let u = -30 + 55. Let v = -18 + u. What is the units digit of v?
7
Let x = -109 - -178. What is the units digit of x?
9
Let i(s) = -s + 10. Let q be i(-5). Let d = 19 - q. What is the units digit of d?
4
Let u = 4 - 0. Let s be (-2 + (-3)/(-1))*u. Suppose 5*i - 5*x - 47 = -2, s*i - 40 = 2*x. What is the units digit of i?
1
What is the tens digit of ((-2)/4)/(4/(-296))?
3
Suppose 0 = i + 4*g - 4, 6*i + 4*g = 2*i + 28. Suppose -12 + i = -m. What is the units digit of m?
4
Suppose -s = 2*s - 36. Let z = s - 7. Let c(w) = 2*w - 3. What is the units digit of c(z)?
7
Suppose -j - 27 = 2*j. Let l be -3*(j/(-3) - 2). Let t(c) = -c**3 - 3*c**2 - 4*c - 1. What is the tens digit of t(l)?
1
Suppose -2*r = 26 - 74. Suppose 0 = -7*k + 3*k - 40. Let w = k + r. What is the tens digit of w?
1
Let m(o) = -o**2 - 6*o + 9. Let f be m(-9). Suppose 0 = 4*j - 50 - 54. Let b = j + f. What is the units digit of b?
8
Suppose 6*x = 263 + 79. What is the tens digit of x?
5
Let r be -1 - 8/(-4) - -3. What is the units digit of r - (-82)/((-4)/(-2))?
5
Let t(b) = -6*b + 3. Let v(i) = 7*i - 3. Let u(s) = -6*t(s) - 5*v(s). What is the units digit of u(12)?
9
Suppose 2*x = 3 + 5. Suppose -x*o + 2*o = -18. What is the units digit of o?
9
Let u = 21 - 31. Let m = u - -14. Suppose -m = -c + 4. What is the units digit of c?
8
Let t be 42*1*(-2)/(-4). Let m = 26 - 38. Let q = t + m. What is the units digit of q?
9
Let k = -20 + 37. Let o = -6 + k. What is the units digit of o?
1
Suppose 0 = 14*t - 15*t + 150. What is the tens digit of t?
5
Suppose -2*u = -4*u + 2*w + 72, -40 = -u + 2*w. Let g = u - 23. What is the units digit of g?
9
Let r = -2 - -7. Let i be 24 + -10 - (0 + -1). Suppose -5*q + 4*q = -3*w - i, -r*w = -5*q + 75. What is the tens digit of q?
1
Let u(f) = 4*f**2 - 2*f - 1. Suppose 0 = 5*o + 5*l + 30, 3*l = -0*o + 3*o - 6. What is the tens digit of u(o)?
1
Suppose 2*m = -16 + 84. What is the tens digit of m?
3
Let h(p) be the second derivative of p**5/20 + 5*p**4/12 + p**3/2 - 3*p**2/2 - 4*p. What is the units digit of h(-3)?
6
What is the units digit of 77/(-21)*6/(-2)?
1
Let v(c) = c**3 + 7*c**2 + 5*c - 4. Let p = -7 - -12. Suppose 2*w + p = -7. What is the units digit of v(w)?
2
Let r = 264 + -21. What is the tens digit of r?
4
Let d = 14 - -1. What is the units digit of d?
5
Let k(p) = p**2 + 2*p - 4. What is the units digit of k(-4)?
4
Let j = 13 - 10. Suppose j*a + 32 - 92 = 0. What is the tens digit of a?
2
Let t = -12 - -36. What is the units digit of (-6)/t + (-26)/(-8)?
3
Let q(z) = -51*z + 2. What is the units digit of q(-1)?
3
Let w be (2 + -32)*(-4)/10. Let k(f) = -f**2 + f - 1. Let c be k(3). Let l = c + w. What is the units digit of l?
5
Let m(g) = -g**3 - 2*g**2 + g - 3. Let y be m(-3). Let w be (-1 + y + -8)/(-1). Suppose 7*u - w*u = 13. What is the tens digit of u?
1
Suppose -5*v + 24 = -4*b, -5 - 8 = 5*b - 2*v. Let a be (-16)/((2 + b)*1). What is the units digit of a/(-6)*(-3)/(-2)?
4
Let o(x) = x**3 + 9*x**2 + x - 9. What is the units digit of o(-7)?
2
Suppose -4*m = -3*w + m + 24, w + m = 0. What is the units digit of ((-4)/w)/((-4)/48)?
6
Let i = -163 + 330. What is the units digit of i?
7
Let l be 858/(-27) + (-4)/18. Let g be l/(-10) + (-3)/15. Suppose 4*k = 27 - g. What is the units digit of k?
6
Let c(q) = q**3 + 4*q**2 + 3*q + 2. What is the units digit of c(-3)?
2
Let g(j) = -9*j**2 - 6*j + 15*j**2 + 4*j + 7*j**2 - 1. What is the units digit of g(-1)?
4
Suppose -m = -3*m. Suppose m = 8*h - 10*h + 12. What is the units digit of h?
6
Suppose -2*x + 3*x = 41. What is the units digit of x?
1
Suppose 190 = 2*i + 3*i. What is the units digit of i?
8
Let h(m) = -m**3 + 11*m**2 - 7*m + 3. Let n be h(10). What is the units digit of (-189)/(-11) + (-6)/n?
7
Let o = -6 - -8. Suppose 5*q + 9 = 2*q, -1 = -y - o*q. What is the units digit of y?
7
Suppose 0 = -7*p + 3*p + 108. Let g = p + -10. What is the tens digit of g?
1
Suppose a + 0*a - 8 = 0. What is the units digit of a + 3*2/(-3)?
6
Let c(m) be the first derivative of m**4/4 - 2*m**3 - m**2/2 + 6*m - 1. Let v be c(6). Suppose v = -3*a + 3. What is the units digit of a?
1
Let o = 49 + -11. What is the tens digit of o?
3
Let k be ((-8)/(-6))/((-1)/(-6)). Let b = -1 - -3. Suppose -2*u + 1 = a - k, 0 = u + b*a - 3. What is the units digit of u?
5
Let k(h) = -h**3 + 4*h**2 + h + 3. What is the tens digit of k(3)?
1
Let h = 7 + -9. Let x = -2 - h. Suppose -4*j + x*j = 4*t - 20, j = 3*t - 7. What is the units digit of t?
3
Suppose 0*o + 2*o = 4. Suppose o*r + 5*d = 33, 5*d - 1 = -r + 3. What is the units digit of r?
9
What is the hundreds digit of (2 + 65)/(((-12)/(-8))/3)?
1
Let w(v) = -24*v**2 - 1. Let o be w(1). Let t = 39 + o. What is the tens digit of t?
1
Let f(q) = 5*q + 2. Let i be f(2). Suppose i = 2*m - 10. What is the units digit of m?
1
Let a be 720/(-35) + (-6)/14. What is the tens digit of 1 + 0 + (4 - a)?
2
Let w(g) = -g + 7 - 1 - 2*g - g**2. Let x be w(-5). What is the units digit of x/6 - (-24)/9?
2
What is the hundreds digit of -1*63*(-13 - -10)?
1
Suppose -3*u + 96 = -5*l, -4*l + 0*l - 72 = -4*u. What is the units digit of l/9*-3 - -1?
8
Let o(y) = y**3 - 19. Let g(w) = w - 1. Let q be g(1). Let s be o(q). Let t = 37 + s. What is the tens digit of t?
1
Let b = -7 - -4. What is the units digit of (-1)/b + (-5)/(-3)?
2
Suppose a - 3*t = 44, 2*a - 4*t - 107 = -a. Let p = -18 + a. What is the tens digit of p?
1
Let a = -22 - -36. Let y = 2 + a. What is the units digit of y?
6
Let j(z) be the third derivative of -z**5/60 - z**4/24 + z**3/3 - 3*z**2. Let u be j(0). Suppose -5 = h - u*h. What is the units digit of h?
5
Suppose -4*u + 31 = m - 0*m, -3*m = -3*u - 93. What is the units digit of m?
1
Suppose -2*r = -5*g + 3 - 5, 2*r = 2. Suppose 14 = 3*c - 4*q, c + 2*q + 2*q - 10 = g. What is the tens digit of c/15 - 146/(-10)?
1
Let y be (-1)/(-2)*0/3. Let o(w) = w**2 + w + 1. What is the units digit of o(y)?
1
Let m be (7 - 9)*(2 - 1). Let l be 6/(m + 7/2). Suppose 3*r + r - l = 0. What is the units digit of r?
1
Let k = -4 - -54. What is the tens digit of k?
5
Let d = -3 - -3. Let n(z) = -4 - 3*z - 5 + d - z. What is the tens digit of n(-6)?
1
Suppose -4*d + 5*c + 100 = 0, -5*d + 4*c = -0*d - 125. What is the tens digit of d?
2
Let k = -10 - 6. Let v = k + 27. What is the units digit of v?
1
Suppose n + j = 0, -n + 3*j + 12 = 4. Let v = n + 1. Let o = 4 + v. What is the units digit of o?
7
Let h be 3 + -6 - (1 - 8). Suppose 0 = s - 5, 0 = -h*v + 5*v + 5*s - 36. What is the units digit of v?
1
Suppose 2*v = 6*v + 20. Let i be (3/5)/(2/10). What is the units digit of i - 1 - v*1?
7
Let n = -4 + 12. Let w = n - -3. Let c = w - 2. What is the units digit of c?
9
Suppose -3*u + 18 = -0. Let s(g) = g**2 - 4*g + 5. What is the units digit of s(u)?
7
Suppose 7*g = 3*g - 4. Let i be 1 + (-2 - g) + 1. Let o(c) = 8*c**3 + c**2 - c. What is the units digit of 